 c(z)?
2
Let h(c) be the first derivative of 1/3*c**3 + 65 + 7*c + 6*c**2. Give h(-11).
-4
Let f(m) be the first derivative of -67 - 1/3*m**3 + 2*m**2 + 8*m. Calculate f(7).
-13
Let a(c) be the third derivative of c**7/1260 + c**6/360 + 79*c**5/60 - 25*c**2. Let u(p) be the third derivative of a(p). Give u(-2).
-6
Let u(w) be the third derivative of -140*w**2 + 0 - 1/24*w**4 - 7/60*w**5 - 3/2*w**3 + 1/120*w**6 - w. What is u(7)?
-16
Let r(d) = -d + 0*d + d**3 - 43 - 246168*d**2 + 2*d + 246137*d**2. Determine r(31).
-12
Let i(t) be the first derivative of -t**7/840 + t**6/120 - t**4/12 - 4*t**3/3 + 3*t**2/2 + 55. Let h(f) be the third derivative of i(f). Calculate h(3).
-2
Let v(h) be the second derivative of -h**5/20 + h**4/2 - 23*h**2/2 - h - 113. Give v(5).
2
Let m(u) = u**2 - 8*u + 8. Let p = -132 + 137. What is m(p)?
-7
Let n = 352 - 275. Let v(g) = -7 - n*g - 76*g + 154*g. What is v(12)?
5
Let z(u) be the second derivative of u**3/2 + 5*u**2/2 - 6*u. Let g be 4/(-3 + 15)*0. Suppose g = 3*i - 15, -3*b + 7 = -b + 3*i. Determine z(b).
-7
Suppose 4*w + 7 = x - 13, -x - w = -5. Suppose -2*q + x = 4*m, -3*q - q = m - 23. Let r(c) = c + 3 + q*c - 6*c. Give r(0).
3
Let q(w) = 20*w**2 - 181486*w + 181486*w. Suppose -3*k - 14 = -5*f, f + 2*k + 9 = 4*f. Determine q(f).
20
Let z(a) = 16*a - 6 + 2071*a**2 - 18*a - 2067*a**2 + 1 - a**3. Give z(3).
-2
Let h be 169/39 + (-224)/24. Let i(u) = u**2 + 18*u + 5. What is i(h)?
-60
Let a(n) = -3*n**2 - 48*n + 96. Let w(q) = q**2 + 17*q - 33. Let s(k) = -6*a(k) - 17*w(k). Calculate s(4).
-3
Let g(d) be the third derivative of -d**5/10 + 7*d**4/24 + 3*d**3/2 + 1288*d**2. Determine g(-2).
-29
Let d(j) be the first derivative of 44 + 16*j**2 + 3 + 4*j + 11*j**2 - 26*j**2. Calculate d(-5).
-6
Let o be 1*6/(-6)*1 - -134. Suppose -127*n + 66 = -o*n. Let f(y) = -y - 11. What is f(n)?
0
Suppose -206 = -4*o - 194. Suppose -26 = 4*y - d, o*y + 22 = d + d. Let p(g) = g**2 + 6*g + 14. Give p(y).
14
Let s(f) = f**2 + 7*f + 5. Let p be ((-1587)/138)/(2/4 - 1). Suppose 14*x = p*x + 63. Determine s(x).
5
Let i(d) = 429*d**2 - 3*d - 4. Let z be i(-1). Let f(v) = 422 - 855 + z - 5*v. What is f(-2)?
5
Suppose 0*u = 10*u + 30. Let f(y) be the first derivative of 5*y**2/2 + 2*y + 189. What is f(u)?
-13
Let v = 115 + -93. Let c(t) = -t**3 + 24*t**2 - 44*t + 5. Let a be c(v). Let y(q) = -q**3 + 4*q**2 + 4*q - 1. Give y(a).
-6
Let h(c) be the first derivative of c**4/4 + 10*c**3/3 + 3*c**2/2 - 6*c + 1060. Give h(-9).
48
Let h(i) = -9*i - 73. Let d(o) = 24. Let l(t) = 6*d(t) + 2*h(t). Give l(3).
-56
Let q(d) be the third derivative of d**6/120 + 3*d**5/20 - 2*d**4/3 - 11*d**3/6 + 6520*d**2. Determine q(-11).
-77
Let f(g) = 8*g**2 + 3. Suppose -134*z - 50*z = 90*z + 548. What is f(z)?
35
Let t(f) = 5*f + f**2 + 178 - 183 + 2*f. Suppose 17*d - 21*d = 0. Suppose 0 = -3*i - 2*c - 5 - 23, d = -4*i + 4*c - 24. Give t(i).
3
Let o(x) = -x - 27. Let i be o(-30). Let d(w) = 7611 - i*w**2 - 4*w + w**2 - 7607. Calculate d(3).
-26
Let k(l) = 8*l - 5*l - 3*l - l. Let q = -2066 + 2065. Calculate k(q).
1
Let r(v) be the first derivative of -v**2 + 7*v + 1. Suppose 5*j - 8*j - 3*c + 36 = 0, -j + 18 = -c. Suppose -j*k = -117 + 12. Determine r(k).
-7
Suppose -2*w + 3 = 4*t - 3*w, -t + 9 = -3*w. Suppose 4*m - 2*p + 5*p = 17, -4*p + 12 = t. Let i(s) = 9*s**2 + 0*s - s**2 - 5*s**2 - s - s**2. Give i(m).
6
Let x(c) be the second derivative of -c**4/4 + c**2/2 + 97*c. Let p be (8/(-16))/((-2)/4). Determine x(p).
-2
Let x(f) = 3*f**3 + f**2 - 33*f - 3. Let k be x(-5). Let b = -198 - k. Let t(a) = -a**3 - 10*a**2 + 3*a + 10. Determine t(b).
-20
Let n be (-286)/(-55) + 2/(-10). Let y(l) = l**2 + 2*l - 4*l**2 + n*l**2 - 8 + 7 - 6*l**2. Calculate y(-2).
-21
Let h(x) be the second derivative of -x**4/3 - 3*x**3/2 - x**2/2 + 596*x. What is h(-3)?
-10
Suppose -109 = -2*s + j, -s = -2*j - 17 - 33. Let m = 54 - s. Let k(d) = -3*d - 3. Give k(m).
3
Let r(v) = 2*v + 839942 - 839984 - 2*v - 3*v. What is r(-4)?
-30
Let g(d) = -d + 8. Let r be ((-3)/(-6))/((2/88)/1). Let u = -14 + r. Calculate g(u).
0
Let s(f) = 96*f + 499. Let l(r) = 14*r + 70. Let z(n) = -15*l(n) + 2*s(n). Calculate z(-2).
-16
Suppose -y + 13 = 3*m, 0*y = -3*m - 5*y + 29. Let n(b) be the third derivative of 0 + 1/60*b**5 - 7*b**2 + 1/2*b**3 - 1/6*b**4 + 0*b. Determine n(m).
0
Let q(j) = -3*j**3 + 33*j**2 - 192*j - 46. Let t(c) = 7*c**3 - 82*c**2 + 480*c + 114. Let o(z) = 12*q(z) + 5*t(z). Calculate o(-19).
-1
Let n be (4/(32/6))/(9/(-36)). Let j(v) = 27*v**3 - 5*v**2 + 2*v + 11. Let m(q) = -10*q**3 + 2*q**2 - q - 4. Let t(f) = n*j(f) - 8*m(f). Give t(-2).
-1
Let g(z) = 8*z**2 + 215*z + 171. Let y be g(-26). Let v(a) = -a**3 - 12*a**2 - 7*a - 24. What is v(y)?
-68
Let w(s) = 1 - s**2 + 0 - 25 + 27 + 0. Let p = 7 - 3. Suppose 0 = -b - p*b - 20. What is w(b)?
-13
Let i = -121 - -123. Let c(n) = -3*n**3 + 2*n - 10 + 7 + 2*n**3 - 4*n**i + 8. Give c(-4).
-3
Let k(g) = -3*g**3 - 477*g**2 - 19. Let x be k(-159). Let z(i) = i**2 + 16*i - 84. Give z(x).
-27
Let n(a) be the third derivative of -a**4/12 + 5*a**3/3 - 12*a**2 - a. Give n(2).
6
Let l be (42/(-4) + 10)*-14. Let t(d) = -23*d + 75. Give t(l).
-86
Let l(o) = -3*o**2 + 67*o - 150. Let k be l(20). Let c(m) = 2*m**2 + 16*m - 9. What is c(k)?
31
Let d(p) = p**3 - 13*p**2 + 29*p - 209. Let n be d(12). Let i(j) = j**3 + 4*j**2 + 8*j - 2. Give i(n).
-67
Let s(l) be the second derivative of l**7/2520 + l**6/360 - l**5/30 - l**4/6 + l**2 - 3*l + 8. Let q(v) be the third derivative of s(v). Determine q(-3).
-1
Let j(w) = w**2 + 3*w + 5. Suppose 20 = 4*x - 8*x. Let d be j(x). Suppose -d*q + 18*q + 3 = 0. Let o(u) = 11*u. Calculate o(q).
-11
Let o be 1/3 + 4/(-12). Let p be -1 + (7 - o) - 4. Let t(a) = -p*a**2 - 6 - 2 + 6. Determine t(-2).
-10
Let g(m) = -309*m**2 + 3 + 259*m**2 + 0*m + 51*m**2 + 10*m. Let d = -1 - 9. Give g(d).
3
Let n(f) be the first derivative of f**3/3 + 7*f**2 + 4*f + 220. Let v(a) = -2*a**2 - 29*a - 7. Let c(g) = 9*n(g) + 4*v(g). Calculate c(-7).
-13
Let l(f) = 2*f + 1. Let o(r) = -33*r + 252. Let i(j) = 35*j - 254. Let c(z) = 4*i(z) + 5*o(z). Let a be c(10). Give l(a).
-11
Let l(v) = -v**3 - 3*v**2 + 10*v + 18. Let d be ((-78)/312*(-64)/(-6))/((-2)/(-3)). Calculate l(d).
-6
Let k(o) be the first derivative of o**2 + 13*o - 12. Let s be (0 - -1)*12 - 0. Let f = 2 - s. Calculate k(f).
-7
Suppose 0 = s + 5*q - 85, 11*q = 4*s + 7*q - 364. Suppose -20*b - s = -2*b. Let j(g) = 3*g. Let c(y) = 2*y + 1. Let o(n) = 4*c(n) - 3*j(n). Calculate o(b).
9
Suppose 4*q + 0*q = 0. Suppose -2*s + 115 - 493 = q. Let c be (s/(-14))/(-9)*2*1. Let n(z) = -z**3 - 3*z**2 - z + 3. What is n(c)?
6
Suppose -7 = 4*z - y, 151*z - 150*z + 7 = -5*y. Let v(u) be the second derivative of u**5/20 - u**3/3 - 3*u**2/2 - 20*u. What is v(z)?
-7
Let i(x) = x**2 - 50*x + 120. Let a be i(48). Let n(d) = 3*d**2 - 72*d + 9. Determine n(a).
9
Let w(s) be the first derivative of -19*s**2 - 19*s + 82. Let h(z) = -z - 1. Let f(c) = 19*h(c) - w(c). What is f(1)?
19
Let t(a) = -a**3 - a. Let s = -2 + 4. Let q be (-2)/(-9) + s/(-9). Suppose -3*j + 2*i - 4*i - 8 = 0, q = -3*j - i - 7. Determine t(j).
10
Let n = 1 + 1. Let m(t) = 32*t + 1 - 4*t**n + 0*t**2 - 32*t. Suppose -3*b + 4*q + 3 = 0, 2*q = 7*b - 10*b + 3. Determine m(b).
-3
Let o = 28488 - 28475. Let p(k) = -4*k + 51. Determine p(o).
-1
Let h(w) be the first derivative of -w**3/3 + w + 5904. Let d(u) be the second derivative of u**4/12 + u**3 + u. Let n(c) = -d(c) - 2*h(c). Give n(6).
-2
Let q(z) be the first derivative of z**2 - 5*z**2 - 3 + 3*z**2 + 5 + z. Suppose -286 = 165*g + 44. Calculate q(g).
5
Let u(n) = 8*n - 4. Let l = -118 + 114. Let z be (30/(-24))/(1/l). Let a(c) = 14*c - 7. Let i(h) = z*u(h) - 3*a(h). Give i(-5).
11
Let m(z) = -z**2 - 15. Suppose 13*a + 3*s = 10*a, 0 = s. Let r be 1*(a/(-3))/(2/2). Determine m(r).
-15
Let b(a) = -4*a + 4. Let j(g) = -3*g + 5. Let z(n) = 5*b(n) - 4*j(n). Let k be ((-54)/(-24) - 3)/(14 - 1090/80). Give z(k).
16
Let j(s) = -s**3 + 11*s + 4. Suppose -i + 1611 = -32*i + 1704. Give j(i).
10
Let l(b) be the third derivative of 17*b**2 - 1/12*b**4 + 0 + 0*b**3 + 0*b. Suppose 0*i - 2*i + 8 = 0. Calculate l(i).
-8
Let f(y) = -2*y**2 - 106. Let m(x) = 9*x**2 - 4*x + 423. Let v(n) = 13*f(n) + 3*m(n